{"id":28,"date":"2022-04-13T10:01:15","date_gmt":"2022-04-13T08:01:15","guid":{"rendered":"http:\/\/dinrost.goteborg.se\/?page_id=28"},"modified":"2026-01-29T13:23:45","modified_gmt":"2026-01-29T12:23:45","slug":"ordlista","status":"publish","type":"page","link":"https:\/\/dinrost.goteborg.se\/?page_id=28","title":{"rendered":"Ordlista"},"content":{"rendered":"\n<figure class=\"wp-block-image size-full is-resized\"><img loading=\"lazy\" decoding=\"async\" width=\"344\" height=\"355\" src=\"https:\/\/dinrost.goteborg.se\/wp-content\/uploads\/2022\/04\/ordlista.png\" alt=\"\" class=\"wp-image-29\" style=\"width:143px;height:148px\" srcset=\"https:\/\/dinrost.goteborg.se\/wp-content\/uploads\/2022\/04\/ordlista.png 344w, https:\/\/dinrost.goteborg.se\/wp-content\/uploads\/2022\/04\/ordlista-291x300.png 291w\" sizes=\"auto, (max-width: 344px) 100vw, 344px\" \/><\/figure>\n\n\n\n<p>H\u00e4r kan du l\u00e4sa vad olika ord betyder.<br><\/p>\n\n\n\n<p><strong>Val <\/strong>&#8211; N\u00e4r vuxna medborgare kan r\u00f6sta p\u00e5 ett visst parti f\u00f6r att se vilka som ska styra<\/p>\n\n\n\n<p><strong>Politiskt parti<\/strong> &#8211; En grupp personer som tycker samma och vill best\u00e4mma eller best\u00e4mmer om hur man styr i ett land eller en stad. <\/p>\n\n\n\n<p><strong>Riksdag <\/strong>&#8211; Politikerna i riksdagen r\u00f6star om lagar och andra viktiga politiska f\u00f6rslag.<\/p>\n\n\n\n<p><strong>Kommun<\/strong> &#8211; Det finns 290 kommuner i Sverige. Kommunfullm\u00e4ktige \u00e4r som kommunens riksdag. D\u00e4r best\u00e4mmer politikerna som v\u00e4ljs i valet.<\/p>\n\n\n\n<p><strong>Region<\/strong> &#8211; Sverige \u00e4r delat i 21 omr\u00e5den som kallas f\u00f6r regioner. Politiker styr \u00f6ver regionerna. De best\u00e4mmer bland annat \u00f6ver sjukv\u00e5rden. <\/p>\n\n\n\n<p><strong>Politik<\/strong> &#8211; Politik handlar om hur man styr i ett land eller en stad.<\/p>\n\n\n\n<p><strong>R\u00f6stkort <\/strong>&#8211; Alla som f\u00e5r r\u00f6sta f\u00e5r ett r\u00f6stkort i brevl\u00e5dan. D\u00e4r st\u00e5r det var du ska r\u00f6sta.<br><br><strong>Valsedel<\/strong> &#8211; Lappen du l\u00e4gger i kuvertet n\u00e4r du r\u00f6star. Varje parti har egna valsedlar. <\/p>\n\n\n\n<p><strong>Myndighet <\/strong>&#8211; Organisationer som ser till att det riksdagen best\u00e4mmer blir verklighet.<\/p>\n\n\n\n<p><strong>Demokrati <\/strong>&#8211; Handlar om att alla m\u00e4nniskor&nbsp;\u00e4r lika mycket v\u00e4rda.&nbsp;<br>Alla m\u00e4nniskor&nbsp;ska ha lika r\u00e4ttigheter.&nbsp;<br>Folket har m\u00f6jlighet&nbsp;att vara med och best\u00e4mma.<\/p>\n","protected":false},"excerpt":{"rendered":"<p>H\u00e4r kan du l\u00e4sa vad olika ord betyder. Val &#8211; N\u00e4r vuxna medborgare kan r\u00f6sta p\u00e5 ett visst parti f\u00f6r att se vilka som ska styra Politiskt parti &#8211; En grupp personer som tycker samma och vill best\u00e4mma eller best\u00e4mmer om hur man styr i ett land eller en stad. Riksdag &#8211; Politikerna i riksdagen &hellip; <a href=\"https:\/\/dinrost.goteborg.se\/?page_id=28\" class=\"more-link\">Forts\u00e4tt l\u00e4sa <span class=\"screen-reader-text\">Ordlista<\/span><\/a><\/p>\n","protected":false},"author":1,"featured_media":0,"parent":0,"menu_order":0,"comment_status":"closed","ping_status":"closed","template":"","meta":{"footnotes":""},"class_list":["post-28","page","type-page","status-publish","hentry"],"_links":{"self":[{"href":"https:\/\/dinrost.goteborg.se\/index.php?rest_route=\/wp\/v2\/pages\/28","targetHints":{"allow":["GET"]}}],"collection":[{"href":"https:\/\/dinrost.goteborg.se\/index.php?rest_route=\/wp\/v2\/pages"}],"about":[{"href":"https:\/\/dinrost.goteborg.se\/index.php?rest_route=\/wp\/v2\/types\/page"}],"author":[{"embeddable":true,"href":"https:\/\/dinrost.goteborg.se\/index.php?rest_route=\/wp\/v2\/users\/1"}],"replies":[{"embeddable":true,"href":"https:\/\/dinrost.goteborg.se\/index.php?rest_route=%2Fwp%2Fv2%2Fcomments&post=28"}],"version-history":[{"count":14,"href":"https:\/\/dinrost.goteborg.se\/index.php?rest_route=\/wp\/v2\/pages\/28\/revisions"}],"predecessor-version":[{"id":664,"href":"https:\/\/dinrost.goteborg.se\/index.php?rest_route=\/wp\/v2\/pages\/28\/revisions\/664"}],"wp:attachment":[{"href":"https:\/\/dinrost.goteborg.se\/index.php?rest_route=%2Fwp%2Fv2%2Fmedia&parent=28"}],"curies":[{"name":"wp","href":"https:\/\/api.w.org\/{rel}","templated":true}]}}