{"id":384,"date":"2026-01-04T13:29:00","date_gmt":"2026-01-04T12:29:00","guid":{"rendered":"http:\/\/dinrost.goteborg.se\/?page_id=384"},"modified":"2026-01-29T15:14:07","modified_gmt":"2026-01-29T14:14:07","slug":"konst-och-poesi-om-demokrati-och-frihet","status":"publish","type":"page","link":"https:\/\/dinrost.goteborg.se\/?page_id=384","title":{"rendered":"Konst och poesi om demokrati och frihet"},"content":{"rendered":"\n<p><\/p>\n\n\n\n<figure class=\"wp-block-image size-large\"><img loading=\"lazy\" decoding=\"async\" width=\"1024\" height=\"795\" src=\"http:\/\/dinrost.goteborg.se\/wp-content\/uploads\/2022\/08\/Image-9-1024x795.jpeg\" alt=\"\" class=\"wp-image-576\" srcset=\"https:\/\/dinrost.goteborg.se\/wp-content\/uploads\/2022\/08\/Image-9-1024x795.jpeg 1024w, https:\/\/dinrost.goteborg.se\/wp-content\/uploads\/2022\/08\/Image-9-300x233.jpeg 300w, https:\/\/dinrost.goteborg.se\/wp-content\/uploads\/2022\/08\/Image-9-768x596.jpeg 768w, https:\/\/dinrost.goteborg.se\/wp-content\/uploads\/2022\/08\/Image-9-1536x1192.jpeg 1536w, https:\/\/dinrost.goteborg.se\/wp-content\/uploads\/2022\/08\/Image-9.jpeg 1630w\" sizes=\"auto, (max-width: 1024px) 100vw, 1024px\" \/><figcaption>Konst fr\u00e5n Mor livas stig Daglig verksamhet. Tyg med hj\u00e4rtan<\/figcaption><\/figure>\n\n\n\n<p><\/p>\n\n\n\n<figure class=\"wp-block-image size-large\"><img loading=\"lazy\" decoding=\"async\" width=\"1024\" height=\"500\" src=\"http:\/\/dinrost.goteborg.se\/wp-content\/uploads\/2022\/08\/Image-10-1024x500.jpeg\" alt=\"\" class=\"wp-image-577\" srcset=\"https:\/\/dinrost.goteborg.se\/wp-content\/uploads\/2022\/08\/Image-10-1024x500.jpeg 1024w, https:\/\/dinrost.goteborg.se\/wp-content\/uploads\/2022\/08\/Image-10-300x147.jpeg 300w, https:\/\/dinrost.goteborg.se\/wp-content\/uploads\/2022\/08\/Image-10-768x375.jpeg 768w, https:\/\/dinrost.goteborg.se\/wp-content\/uploads\/2022\/08\/Image-10-1536x750.jpeg 1536w, https:\/\/dinrost.goteborg.se\/wp-content\/uploads\/2022\/08\/Image-10.jpeg 2016w\" sizes=\"auto, (max-width: 1024px) 100vw, 1024px\" \/><figcaption>Duvor i papper<\/figcaption><\/figure>\n\n\n\n<p><\/p>\n\n\n\n<figure class=\"wp-block-image size-large\"><img loading=\"lazy\" decoding=\"async\" width=\"768\" height=\"1024\" src=\"https:\/\/dinrost.goteborg.se\/wp-content\/uploads\/2022\/08\/IMG20220819094939-768x1024.jpg\" alt=\"\" class=\"wp-image-540\" srcset=\"https:\/\/dinrost.goteborg.se\/wp-content\/uploads\/2022\/08\/IMG20220819094939-768x1024.jpg 768w, https:\/\/dinrost.goteborg.se\/wp-content\/uploads\/2022\/08\/IMG20220819094939-225x300.jpg 225w, https:\/\/dinrost.goteborg.se\/wp-content\/uploads\/2022\/08\/IMG20220819094939-1152x1536.jpg 1152w, https:\/\/dinrost.goteborg.se\/wp-content\/uploads\/2022\/08\/IMG20220819094939.jpg 1536w\" sizes=\"auto, (max-width: 768px) 100vw, 768px\" \/><figcaption>Vas med hassel, hj\u00e4rtan och fredsduvor<\/figcaption><\/figure>\n\n\n\n<p><\/p>\n\n\n\n<figure class=\"wp-block-image size-large\"><img loading=\"lazy\" decoding=\"async\" width=\"768\" height=\"1024\" src=\"https:\/\/dinrost.goteborg.se\/wp-content\/uploads\/2022\/07\/IMG-20220718-WA0007-768x1024.jpg\" alt=\"\" class=\"wp-image-493\" srcset=\"https:\/\/dinrost.goteborg.se\/wp-content\/uploads\/2022\/07\/IMG-20220718-WA0007-768x1024.jpg 768w, https:\/\/dinrost.goteborg.se\/wp-content\/uploads\/2022\/07\/IMG-20220718-WA0007-225x300.jpg 225w, https:\/\/dinrost.goteborg.se\/wp-content\/uploads\/2022\/07\/IMG-20220718-WA0007-1152x1536.jpg 1152w, https:\/\/dinrost.goteborg.se\/wp-content\/uploads\/2022\/07\/IMG-20220718-WA0007.jpg 1512w\" sizes=\"auto, (max-width: 768px) 100vw, 768px\" \/><figcaption>Konst med natur, blommor och frudsduvor<\/figcaption><\/figure>\n\n\n\n<p><\/p>\n\n\n\n<figure class=\"wp-block-image size-large\"><img loading=\"lazy\" decoding=\"async\" width=\"1024\" height=\"999\" src=\"https:\/\/dinrost.goteborg.se\/wp-content\/uploads\/2022\/07\/peace-1024x999.jpg\" alt=\"\" class=\"wp-image-479\" srcset=\"https:\/\/dinrost.goteborg.se\/wp-content\/uploads\/2022\/07\/peace-1024x999.jpg 1024w, https:\/\/dinrost.goteborg.se\/wp-content\/uploads\/2022\/07\/peace-300x293.jpg 300w, https:\/\/dinrost.goteborg.se\/wp-content\/uploads\/2022\/07\/peace-768x749.jpg 768w, https:\/\/dinrost.goteborg.se\/wp-content\/uploads\/2022\/07\/peace-1536x1498.jpg 1536w, https:\/\/dinrost.goteborg.se\/wp-content\/uploads\/2022\/07\/peace-2048x1997.jpg 2048w\" sizes=\"auto, (max-width: 1024px) 100vw, 1024px\" \/><figcaption>Fredstecken av p\u00e4rlor<\/figcaption><\/figure>\n\n\n\n<p><\/p>\n\n\n\n<figure class=\"wp-block-image size-large is-resized\"><img loading=\"lazy\" decoding=\"async\" src=\"https:\/\/dinrost.goteborg.se\/wp-content\/uploads\/2022\/07\/Image-2-1024x899.jpeg\" alt=\"\" class=\"wp-image-474\" width=\"690\" height=\"605\" srcset=\"https:\/\/dinrost.goteborg.se\/wp-content\/uploads\/2022\/07\/Image-2-1024x899.jpeg 1024w, https:\/\/dinrost.goteborg.se\/wp-content\/uploads\/2022\/07\/Image-2-300x263.jpeg 300w, https:\/\/dinrost.goteborg.se\/wp-content\/uploads\/2022\/07\/Image-2-768x674.jpeg 768w, https:\/\/dinrost.goteborg.se\/wp-content\/uploads\/2022\/07\/Image-2-1536x1349.jpeg 1536w, https:\/\/dinrost.goteborg.se\/wp-content\/uploads\/2022\/07\/Image-2.jpeg 2042w\" sizes=\"auto, (max-width: 690px) 100vw, 690px\" \/><figcaption>Konst med alla partier, p\u00e4rlor och fredsduvor som h\u00e4nger p\u00e5 en gren<\/figcaption><\/figure>\n\n\n\n<p><\/p>\n\n\n\n<figure class=\"wp-block-image size-full is-resized is-style-default\"><img loading=\"lazy\" decoding=\"async\" src=\"https:\/\/dinrost.goteborg.se\/wp-content\/uploads\/2022\/07\/image-1.png\" alt=\"\" class=\"wp-image-386\" width=\"673\" height=\"895\" srcset=\"https:\/\/dinrost.goteborg.se\/wp-content\/uploads\/2022\/07\/image-1.png 481w, https:\/\/dinrost.goteborg.se\/wp-content\/uploads\/2022\/07\/image-1-225x300.png 225w\" sizes=\"auto, (max-width: 673px) 100vw, 673px\" \/><figcaption>Dikt Mitt demokrati<\/figcaption><\/figure>\n\n\n\n<p><\/p>\n\n\n\n<figure class=\"wp-block-image size-full is-resized\"><img loading=\"lazy\" decoding=\"async\" src=\"https:\/\/dinrost.goteborg.se\/wp-content\/uploads\/2022\/07\/image-2.png\" alt=\"\" class=\"wp-image-387\" width=\"670\" height=\"892\" srcset=\"https:\/\/dinrost.goteborg.se\/wp-content\/uploads\/2022\/07\/image-2.png 481w, https:\/\/dinrost.goteborg.se\/wp-content\/uploads\/2022\/07\/image-2-225x300.png 225w\" sizes=\"auto, (max-width: 670px) 100vw, 670px\" \/><figcaption>Dikt Mitt frihet mitt v\u00e4rld<\/figcaption><\/figure>\n","protected":false},"excerpt":{"rendered":"","protected":false},"author":1,"featured_media":0,"parent":0,"menu_order":0,"comment_status":"closed","ping_status":"closed","template":"","meta":{"footnotes":""},"class_list":["post-384","page","type-page","status-publish","hentry"],"_links":{"self":[{"href":"https:\/\/dinrost.goteborg.se\/index.php?rest_route=\/wp\/v2\/pages\/384","targetHints":{"allow":["GET"]}}],"collection":[{"href":"https:\/\/dinrost.goteborg.se\/index.php?rest_route=\/wp\/v2\/pages"}],"about":[{"href":"https:\/\/dinrost.goteborg.se\/index.php?rest_route=\/wp\/v2\/types\/page"}],"author":[{"embeddable":true,"href":"https:\/\/dinrost.goteborg.se\/index.php?rest_route=\/wp\/v2\/users\/1"}],"replies":[{"embeddable":true,"href":"https:\/\/dinrost.goteborg.se\/index.php?rest_route=%2Fwp%2Fv2%2Fcomments&post=384"}],"version-history":[{"count":8,"href":"https:\/\/dinrost.goteborg.se\/index.php?rest_route=\/wp\/v2\/pages\/384\/revisions"}],"predecessor-version":[{"id":579,"href":"https:\/\/dinrost.goteborg.se\/index.php?rest_route=\/wp\/v2\/pages\/384\/revisions\/579"}],"wp:attachment":[{"href":"https:\/\/dinrost.goteborg.se\/index.php?rest_route=%2Fwp%2Fv2%2Fmedia&parent=384"}],"curies":[{"name":"wp","href":"https:\/\/api.w.org\/{rel}","templated":true}]}}