{"id":405,"date":"2026-01-29T10:57:00","date_gmt":"2026-01-29T09:57:00","guid":{"rendered":"http:\/\/dinrost.goteborg.se\/?page_id=405"},"modified":"2026-01-29T15:16:27","modified_gmt":"2026-01-29T14:16:27","slug":"kommunikationsstod","status":"publish","type":"page","link":"https:\/\/dinrost.goteborg.se\/?page_id=405","title":{"rendered":"Kommunikationsst\u00f6d"},"content":{"rendered":"\n<figure class=\"wp-block-image size-large is-resized\"><a href=\"https:\/\/dinrost.goteborg.se\/wp-content\/uploads\/2022\/07\/Kommunikationsknippa1.pdf\"><img loading=\"lazy\" decoding=\"async\" src=\"https:\/\/dinrost.goteborg.se\/wp-content\/uploads\/2022\/07\/kommunikationsknippa-1024x733.jpg\" alt=\"\" class=\"wp-image-416\" width=\"556\" height=\"397\" srcset=\"https:\/\/dinrost.goteborg.se\/wp-content\/uploads\/2022\/07\/kommunikationsknippa-1024x733.jpg 1024w, https:\/\/dinrost.goteborg.se\/wp-content\/uploads\/2022\/07\/kommunikationsknippa-300x215.jpg 300w, https:\/\/dinrost.goteborg.se\/wp-content\/uploads\/2022\/07\/kommunikationsknippa-768x550.jpg 768w, https:\/\/dinrost.goteborg.se\/wp-content\/uploads\/2022\/07\/kommunikationsknippa.jpg 1110w\" sizes=\"auto, (max-width: 556px) 100vw, 556px\" \/><\/a><figcaption>Bild p\u00e5 kommunikationsknippa 1<\/figcaption><\/figure>\n\n\n\n<p><\/p>\n\n\n\n<figure class=\"wp-block-image size-large is-resized\"><a href=\"https:\/\/dinrost.goteborg.se\/wp-content\/uploads\/2022\/07\/Kommunikationsknippa2.pdf\"><img loading=\"lazy\" decoding=\"async\" src=\"https:\/\/dinrost.goteborg.se\/wp-content\/uploads\/2022\/07\/Kommunikationsknippa2-850x1024.jpg\" alt=\"\" class=\"wp-image-419\" width=\"549\" height=\"661\" srcset=\"https:\/\/dinrost.goteborg.se\/wp-content\/uploads\/2022\/07\/Kommunikationsknippa2-850x1024.jpg 850w, https:\/\/dinrost.goteborg.se\/wp-content\/uploads\/2022\/07\/Kommunikationsknippa2-249x300.jpg 249w, https:\/\/dinrost.goteborg.se\/wp-content\/uploads\/2022\/07\/Kommunikationsknippa2-768x926.jpg 768w, https:\/\/dinrost.goteborg.se\/wp-content\/uploads\/2022\/07\/Kommunikationsknippa2.jpg 896w\" sizes=\"auto, (max-width: 549px) 100vw, 549px\" \/><\/a><figcaption>Bild p\u00e5 kommunikationsknippa 2<\/figcaption><\/figure>\n\n\n\n<p><\/p>\n\n\n\n<p><\/p>\n\n\n\n<p>F\u00f6r att ta del av kommunikationsknippa klicka p\u00e5 bilden. <\/p>\n\n\n\n<p>\u00d6ppnas som PDF.<\/p>\n","protected":false},"excerpt":{"rendered":"<p>F\u00f6r att ta del av kommunikationsknippa klicka p\u00e5 bilden. \u00d6ppnas som PDF.<\/p>\n","protected":false},"author":1,"featured_media":0,"parent":0,"menu_order":0,"comment_status":"closed","ping_status":"closed","template":"","meta":{"footnotes":""},"class_list":["post-405","page","type-page","status-publish","hentry"],"_links":{"self":[{"href":"https:\/\/dinrost.goteborg.se\/index.php?rest_route=\/wp\/v2\/pages\/405","targetHints":{"allow":["GET"]}}],"collection":[{"href":"https:\/\/dinrost.goteborg.se\/index.php?rest_route=\/wp\/v2\/pages"}],"about":[{"href":"https:\/\/dinrost.goteborg.se\/index.php?rest_route=\/wp\/v2\/types\/page"}],"author":[{"embeddable":true,"href":"https:\/\/dinrost.goteborg.se\/index.php?rest_route=\/wp\/v2\/users\/1"}],"replies":[{"embeddable":true,"href":"https:\/\/dinrost.goteborg.se\/index.php?rest_route=%2Fwp%2Fv2%2Fcomments&post=405"}],"version-history":[{"count":6,"href":"https:\/\/dinrost.goteborg.se\/index.php?rest_route=\/wp\/v2\/pages\/405\/revisions"}],"predecessor-version":[{"id":424,"href":"https:\/\/dinrost.goteborg.se\/index.php?rest_route=\/wp\/v2\/pages\/405\/revisions\/424"}],"wp:attachment":[{"href":"https:\/\/dinrost.goteborg.se\/index.php?rest_route=%2Fwp%2Fv2%2Fmedia&parent=405"}],"curies":[{"name":"wp","href":"https:\/\/api.w.org\/{rel}","templated":true}]}}