{"id":87,"date":"2026-01-29T14:08:00","date_gmt":"2026-01-29T13:08:00","guid":{"rendered":"http:\/\/dinrost.goteborg.se\/?page_id=87"},"modified":"2026-01-29T15:08:43","modified_gmt":"2026-01-29T14:08:43","slug":"filmer","status":"publish","type":"page","link":"https:\/\/dinrost.goteborg.se\/?page_id=87","title":{"rendered":"Film och tv"},"content":{"rendered":"\n<p><\/p>\n\n\n\n<figure class=\"wp-block-image size-large\"><a href=\"https:\/\/urplay.se\/serie\/182089-vem-bestammer-vad-pa-latt-svenska\"><img loading=\"lazy\" decoding=\"async\" width=\"1024\" height=\"576\" src=\"https:\/\/dinrost.goteborg.se\/wp-content\/uploads\/2022\/05\/hd-1-1024x576.jpg\" alt=\"\" class=\"wp-image-215\" srcset=\"https:\/\/dinrost.goteborg.se\/wp-content\/uploads\/2022\/05\/hd-1-1024x576.jpg 1024w, https:\/\/dinrost.goteborg.se\/wp-content\/uploads\/2022\/05\/hd-1-300x169.jpg 300w, https:\/\/dinrost.goteborg.se\/wp-content\/uploads\/2022\/05\/hd-1-768x432.jpg 768w, https:\/\/dinrost.goteborg.se\/wp-content\/uploads\/2022\/05\/hd-1.jpg 1280w\" sizes=\"auto, (max-width: 1024px) 100vw, 1024px\" \/><\/a><figcaption class=\"wp-element-caption\">Vem best\u00e4mmer vad? &#8211; p\u00e5 l\u00e4tt svenska\/UR<\/figcaption><\/figure>\n\n\n\n<p><\/p>\n\n\n\n<figure class=\"wp-block-image size-large\"><a href=\"https:\/\/urplay.se\/serie\/202386-sa-funkar-sverige\"><img loading=\"lazy\" decoding=\"async\" width=\"1024\" height=\"576\" src=\"https:\/\/dinrost.goteborg.se\/wp-content\/uploads\/2022\/05\/1_hd-1024x576.jpg\" alt=\"\" class=\"wp-image-221\" srcset=\"https:\/\/dinrost.goteborg.se\/wp-content\/uploads\/2022\/05\/1_hd-1024x576.jpg 1024w, https:\/\/dinrost.goteborg.se\/wp-content\/uploads\/2022\/05\/1_hd-300x169.jpg 300w, https:\/\/dinrost.goteborg.se\/wp-content\/uploads\/2022\/05\/1_hd-768x432.jpg 768w, https:\/\/dinrost.goteborg.se\/wp-content\/uploads\/2022\/05\/1_hd.jpg 1280w\" sizes=\"auto, (max-width: 1024px) 100vw, 1024px\" \/><\/a><figcaption class=\"wp-element-caption\">S\u00e5 funkar Sverige\/UR<\/figcaption><\/figure>\n\n\n\n<figure class=\"wp-block-image size-large\"><a href=\"https:\/\/urplay.se\/serie\/228243-varfor-ska-jag-rosta\"><img loading=\"lazy\" decoding=\"async\" width=\"1024\" height=\"576\" src=\"https:\/\/dinrost.goteborg.se\/wp-content\/uploads\/2022\/08\/hd-1-1024x576.jpg\" alt=\"\" class=\"wp-image-523\" srcset=\"https:\/\/dinrost.goteborg.se\/wp-content\/uploads\/2022\/08\/hd-1-1024x576.jpg 1024w, https:\/\/dinrost.goteborg.se\/wp-content\/uploads\/2022\/08\/hd-1-300x169.jpg 300w, https:\/\/dinrost.goteborg.se\/wp-content\/uploads\/2022\/08\/hd-1-768x432.jpg 768w, https:\/\/dinrost.goteborg.se\/wp-content\/uploads\/2022\/08\/hd-1.jpg 1280w\" sizes=\"auto, (max-width: 1024px) 100vw, 1024px\" \/><\/a><figcaption class=\"wp-element-caption\">Varf\u00f6r ska jag r\u00f6sta?\/UR<\/figcaption><\/figure>\n\n\n\n<p><\/p>\n","protected":false},"excerpt":{"rendered":"","protected":false},"author":1,"featured_media":0,"parent":0,"menu_order":0,"comment_status":"closed","ping_status":"closed","template":"","meta":{"footnotes":""},"class_list":["post-87","page","type-page","status-publish","hentry"],"_links":{"self":[{"href":"https:\/\/dinrost.goteborg.se\/index.php?rest_route=\/wp\/v2\/pages\/87","targetHints":{"allow":["GET"]}}],"collection":[{"href":"https:\/\/dinrost.goteborg.se\/index.php?rest_route=\/wp\/v2\/pages"}],"about":[{"href":"https:\/\/dinrost.goteborg.se\/index.php?rest_route=\/wp\/v2\/types\/page"}],"author":[{"embeddable":true,"href":"https:\/\/dinrost.goteborg.se\/index.php?rest_route=\/wp\/v2\/users\/1"}],"replies":[{"embeddable":true,"href":"https:\/\/dinrost.goteborg.se\/index.php?rest_route=%2Fwp%2Fv2%2Fcomments&post=87"}],"version-history":[{"count":17,"href":"https:\/\/dinrost.goteborg.se\/index.php?rest_route=\/wp\/v2\/pages\/87\/revisions"}],"predecessor-version":[{"id":717,"href":"https:\/\/dinrost.goteborg.se\/index.php?rest_route=\/wp\/v2\/pages\/87\/revisions\/717"}],"wp:attachment":[{"href":"https:\/\/dinrost.goteborg.se\/index.php?rest_route=%2Fwp%2Fv2%2Fmedia&parent=87"}],"curies":[{"name":"wp","href":"https:\/\/api.w.org\/{rel}","templated":true}]}}